7
Let l(w) = 16008*w + 4642319. Calculate l(-290).
-1
Let y(r) = r**3 - 30*r**2 + 519*r - 1302. What is y(3)?
12
Let r(y) = -y**2 + 12238*y - 219950. What is r(18)?
10
Let j(q) = -12*q**2 + 3627*q + 32746. Calculate j(311).
91
Let q(b) = -3*b**3 - 171*b**2 + 1603*b - 338. Give q(8).
6
Let l(m) = -793*m - 18973. Calculate l(-27).
2438
Let d(j) = j**2 + 2652*j + 21289. Give d(-8).
137
Let t(h) = -1864*h + 46692. Calculate t(25).
92
Let p(u) = -1401*u**2 + 15434*u - 254. Determine p(11).
-1
Let l(d) = -d**3 - 4*d**2 + 152*d - 129. Give l(9).
186
Let p(r) = -1281*r - 152472. What is p(-119)?
-33
Let a(f) = 519*f**3 - f**2 + 3*f - 3. Determine a(1).
518
Let o(s) = -7100*s + 78102. Calculate o(11).
2
Let j(i) = 42*i**3 - 5*i**2 + 551*i + 554. Calculate j(-1).
-44
Let a(z) = -19076*z - 1945822. Calculate a(-102).
-70
Let h(z) = -3*z**2 - 36*z + 984. What is h(-33)?
-1095
Let o(k) = 8980*k + 215519. Determine o(-24).
-1
Let h(n) = -39*n - 808. Give h(-5).
-613
Let w(g) = 3827*g + 241107. Determine w(-63).
6
Let f(q) = 958*q + 4009. Calculate f(-4).
177
Let a(w) = -364759*w - 29180714. Give a(-80).
6
Let s(c) = c**3 - 17*c**2 - 193*c - 19. What is s(23)?
-1284
Let r(j) = 975*j - 232663. What is r(238)?
-613
Let z(v) = -v**3 - 24*v**2 + 71*v + 3407. Give z(-21).
593
Let s(q) = 2718*q - 682217. Give s(251).
1
Let y(h) = 6*h**2 - 310*h + 733. Determine y(50).
233
Let f(a) = -2*a**2 - 50447*a - 353035. Give f(-7).
-4
Let d(g) = -g**3 + 28*g**2 + 180*g - 4569. Give d(12).
-105
Let j(u) = 31653*u - 95505. What is j(3)?
-546
Let j(o) = o**3 + 72*o**2 + 176*o + 13. What is j(-2)?
-59
Let b(p) = 5*p**2 - 419*p - 4789. Determine b(94).
5
Let d(l) = -663*l**2 - 218131*l - 1310. Give d(-329).
6
Let v(i) = -281*i - 14075. Give v(-50).
-25
Let d(w) = -w**3 - 57*w**2 + 385*w + 27. Determine d(-63).
-414
Let g(n) = 31*n**3 + 1397*n**2 + 126*n + 1613. Determine g(-45).
-7
Let r(k) = k**3 - 384*k**2 + 35370*k - 43578. Determine r(233).
-7
Let o(t) = t**3 - 476*t**2 - 9924*t - 18. Give o(-20).
62
Let t(s) = -s**2 + 2674*s + 43034. Give t(-16).
-6
Let l(w) = -209505*w + 8589712. What is l(41)?
7
Let h(t) = -569*t + 3076. Calculate h(6).
-338
Let b(j) = 816*j + 73425. Calculate b(-90).
-15
Let n(i) = 5768*i - 281811. Give n(49).
821
Let m(h) = -2768*h + 49803. Give m(18).
-21
Let o(i) = -3*i**3 - 88*i**2 + 484*i - 77. Calculate o(-34).
-349
Let g(w) = w**3 - 268*w**2 + 3038*w + 8667. Calculate g(256).
-37
Let w(k) = k**3 - 104*k**2 + 109*k - 529. Determine w(103).
89
Let t(o) = o**2 - 1366*o + 10854. What is t(8)?
-10
Let i(t) = -9*t**2 - 2100*t + 53058. What is i(23)?
-3
Let w(a) = -9256*a**2 + 471*a - 464. Determine w(1).
-9249
Let u(q) = -2545*q - 48367. Give u(-19).
-12
Let y(b) = -2138*b - 15125. Give y(-7).
-159
Let i(x) = x**2 + 332*x - 129247. Give i(-562).
13
Let g(d) = -23577*d - 848768. Determine g(-36).
4
Let d(u) = 19*u**2 + 595*u + 341. Give d(-31).
155
Let x(p) = 121*p**2 + 1931*p - 102. Calculate x(-16).
-22
Let s(d) = -55*d**2 - 16719*d + 17143. Determine s(-305).
63
Let g(f) = -15*f**2 - 3734*f + 7370. What is g(2)?
-158
Let k(m) = -3*m**2 + 540*m - 15966. Calculate k(35).
-741
Let j(y) = -y**2 + 95*y - 1382. Calculate j(82).
-316
Let d(p) = -7*p**3 - 1064*p**2 - 25*p - 4174. Determine d(-152).
-374
Let v(x) = -630*x + 3220. What is v(5)?
70
Let g(h) = -13673*h - 82021. Determine g(-6).
17
Let u(r) = 2*r**2 - r - 393799. Calculate u(444).
29
Let m(l) = l**2 - 318*l - 147763. Give m(-257).
12
Let u(j) = -j**3 + 5*j**2 + 750*j - 183. What is u(-25)?
-183
Let a(l) = l**2 - 617*l - 8769. Give a(-14).
65
Let q(n) = 8*n**3 - 613*n**2 + 348*n + 528. Determine q(76).
-1904
Let f(u) = -11482*u + 57421. Give f(5).
11
Let o(v) = -515*v + 15618. Determine o(30).
168
Let n(v) = 54*v**2 - 955*v + 43. Determine n(18).
349
Let m(f) = f**3 + 12*f**2 - 142*f + 82. What is m(-16)?
1330
Let x(h) = 495*h + 205896. Determine x(-416).
-24
Let s(a) = a**3 - 49*a**2 + 70*a - 294. Give s(48).
762
Let i(b) = -6*b**3 + 2604*b**2 + 3*b - 1312. Give i(434).
-10
Let u(o) = 5827*o - 2721198. Give u(467).
11
Let p(t) = t**3 - 16*t**2 - 4561*t. Determine p(76).
-76
Let l(a) = 65417*a - 588939. Give l(9).
-186
Let d(a) = -147839*a + 309. Determine d(0).
309
Let z(s) = 3194*s + 28936. Calculate z(-9).
190
Let t(v) = -48*v**3 + 55*v**2 + 106*v + 2. Calculate t(-2).
394
Let o(a) = a**2 - 46496*a - 558048. Give o(-12).
48
Let y(x) = 64*x**2 - 981*x + 461. Calculate y(18).
3539
Let l(i) = 2*i**2 + 2006*i + 2005. What is l(-1)?
1
Let m(i) = -2238199*i + 13429202. Calculate m(6).
8
Let t(v) = -6*v**3 + 1361*v**2 + 203*v + 5365. What is t(227)?
-83
Let l(v) = 2*v**3 - 8*v**2 + 13*v - 4. Calculate l(4).
48
Let u(v) = 13*v**2 - 4678*v - 53797. Give u(371).
-2
Let p(d) = -161*d - 8014. Determine p(-50).
36
Let p(j) = 9*j**3 + 19*j**2 + 139*j + 268. Give p(-2).
-6
Let n(w) = w**2 - 6182*w - 205073. Give n(-33).
22
Let v(c) = 26018*c - 259854. Give v(10).
326
Let w(t) = t**3 - 392*t**2 - 7379*t + 17. Calculate w(-18).
-1
Let y(i) = -1168*i + 50223. What is y(43)?
-1
Let l(g) = -4*g**2 + 93*g + 1708. Calculate l(34).
246
Let k(c) = 2*c**3 - 139*c**2 - 349*c - 593. Give k(72).
199
Let f(z) = z**3 + 8*z**2 + 2441*z + 12110. Give f(-5).
-20
Let w(v) = v**3 + 15*v**2 - 301*v - 4313. Calculate w(-14).
97
Let b(w) = -4*w**3 - w**2 + 9*w - 236. Calculate b(-8).
1676
Let f(h) = -3*h**3 + 178*h**2 + 4055*h + 2753. What is f(-17)?
-1
Let j(q) = -709072*q - 31908247. Determine j(-45).
-7
Let p(z) = 2298*z**2 + 13800*z + 14. Calculate p(-6).
-58
Let d(y) = y**3 + 204*y**2 - 197*y - 1068. Calculate d(-205).
-2708
Let k(y) = -5*y**2 - 131*y - 1835. Determine k(-44).
-5751
Let l(j) = j**2 + 4210*j + 20998. What is l(-5)?
-27
Let y(p) = 2219*p**2 - 4392*p - 4. Calculate y(2).
88
Let s(b) = -184904*b + 924545. Give s(5).
25
Let z(o) = -2*o**3 - 374*o**2 + 3093*o - 5315. Determine z(-195).
-50
Let w(n) = n**3 + 29*n**2 + 140*n + 64. Give w(-9).
424
Let i(j) = -10327*j + 20118. Calculate i(2).
-536
Let h(z) = -4021*z + 3518384. Give h(875).
9
Let h(c) = c**3 - 124*c**2 - 409*c + 3444. What is h(127)?
-112
Let a(p) = 40989*p - 122968. Determine a(3).
-1
Let w(l) = -2*l**3 - 42*l**2 + 261*l + 6284. What is w(-22)?
1510
Let f(c) = -18930*c - 8253486. Calculate f(-436).
-6
Let w(m) = -7*m**2 + 54*m + 408. Give w(15).
-357
Let u(m) = 10407*m - 156040. What is u(15)?
65
Let d(k) = -546*k + 132051. Give d(242).
-81
Let v(o) = -2329*o**3 - 11*o**2 + 10*o + 1. Give v(1).
-2329
Let z(p) = -9*p**2 + 1243*p + 977. Calculate z(142).
-3993
Let z(u) = -10312*u - 21492. Give z(-2).
-868
Let f(z) = -83*z**2 + 5116*z - 181. What is f(62)?
-2041
Let o(r) = -1409*r**2 + 4178*r + 148. What is o(3)?
1
Let x(k) = k**3 - 59*k**2 - 52*k + 79. Determine x(60).
559
Let l(b) = -123*b + 22020. Determine l(178).
126
Let t(o) = -o + 32. Give t(104).
-72
Let m(n) = 2*n**2 - 369*n + 7596. Determine m(161).
29
Let p(i) = i**2 + 4651*i - 65161. Determine p(14).
149
Let b(x) = -8*x**3 - 1928*x**2 - 386*x - 93033. Give b(-241).
-7
Let h(a) = 933*a**2 - 949*a - 19. Give h(1).
-35
Let k(x) = 1388*x + 11438. Determine k(-8).
334
Let r(p) = -103*p**2 - 46*p - 100. Determine r(5).
-2905
Let c(h) = -16*h**3 - 53*h**2 + 8*h - 21. Determine c(-5).
614
Let w(c) = -5*c**3 - 19*c**2 + 233*c + 908. Calculate w(-3).
173
Let m(g) = 13*g**3 + 136*g**2 - 1182*g - 12162. Determine m(-11).
-7
Let z(i) = -5*i**2 - 7095*i + 71430. Calculate z(10).
-20
Let x(a) = a**3 - 114*a**2 + 543*a + 244. Give x(109).
26
Let m(g) = 2*g**3 - 429*g**2 + 158*g + 12036. What is m(214)?
52
Let g(h) = -15*h**2 + 85*h + 31. Calculate g(6).
1
Let x(b) = -45124*b + 1579338. Determine x(35).
-2
Let v(g) = -4*g**3 + 588*g**2 - 1155*g - 35. Calculate v(2).
-25
Let k(w) = -w**2 - 12536*w + 225940. Give k(18).
-32
Let s(a) = -111*a**2 - 195*a + 581. Determine s(3).
-1003
Let r(f) = f**2 + 336*f + 2993. What is r(-331)?
1338
Let i(j) = -3*j**2 + 631*j + 4570. Calculate i(-7).
6
Let l(u) = 5321*u + 14175. Determine l(-3).
-1788
Let o(h) = -1674*h - 125571. Calculate o(-75).
-21
Let k(r) = 317*r - 38273. What is k(121)?
84
Let q(x) = 2222*x - 15745. What is q(7)?
-191
Let j(d) = -150*d - 4052. What is j(-24)?
-452
Let c(g) = 56*g**2 + 72*g - 39. What is c(-2)?
41
Let u(m) = m**2 - 1165*m - 45737. Calcu